{"id":48,"date":"2026-01-27T12:22:39","date_gmt":"2026-01-27T12:22:39","guid":{"rendered":"https:\/\/5ci-pcs.ubi.pt\/?page_id=48"},"modified":"2026-02-13T10:03:51","modified_gmt":"2026-02-13T10:03:51","slug":"5as-conferencias","status":"publish","type":"page","link":"https:\/\/5ci-pcs.ubi.pt\/","title":{"rendered":"APRESENTA\u00c7\u00c3O"},"content":{"rendered":"\t\t<div data-elementor-type=\"wp-page\" data-elementor-id=\"48\" class=\"elementor elementor-48\">\n\t\t\t\t<div class=\"elementor-element elementor-element-aa4c64c e-flex e-con-boxed e-con e-parent\" data-id=\"aa4c64c\" data-element_type=\"container\">\n\t\t\t\t\t<div class=\"e-con-inner\">\n\t\t<div class=\"elementor-element elementor-element-1dda0cf e-con-full e-flex e-con e-child\" data-id=\"1dda0cf\" data-element_type=\"container\">\n\t\t\t\t<div class=\"elementor-element elementor-element-f7ad7b4 elementor-widget elementor-widget-text-editor\" data-id=\"f7ad7b4\" data-element_type=\"widget\" data-widget_type=\"text-editor.default\">\n\t\t\t\t\t\t\t\t\t<h5><strong>L\u00edngua oficial: Portugu\u00eas<\/strong><\/h5>\t\t\t\t\t\t\t\t<\/div>\n\t\t\t\t<\/div>\n\t\t<div class=\"elementor-element elementor-element-500643c e-con-full e-flex e-con e-child\" data-id=\"500643c\" data-element_type=\"container\">\n\t\t\t\t<div class=\"elementor-element elementor-element-a9a0b14 elementor-widget elementor-widget-image\" data-id=\"a9a0b14\" data-element_type=\"widget\" data-widget_type=\"image.default\">\n\t\t\t\t\t\t\t\t\t\t\t\t\t\t\t\t<a href=\"https:\/\/5ci-pcs.ubi.pt\/index.php\/introdution\/\" target=\"_blank\">\n\t\t\t\t\t\t\t<img decoding=\"async\" src=\"https:\/\/5ci-pcs.ubi.pt\/wp-content\/uploads\/elementor\/thumbs\/png-transparent-flag-of-england-flag-of-the-united-kingdom-english-flag-of-great-britain-england-english-flag-world-thumbnail-ri9yxckteazl56x5xexl6zosjnn58lvoeidg31igs4.png\" title=\"png-transparent-flag-of-england-flag-of-the-united-kingdom-english-flag-of-great-britain-england-english-flag-world-thumbnail\" alt=\"png-transparent-flag-of-england-flag-of-the-united-kingdom-english-flag-of-great-britain-england-english-flag-world-thumbnail\" loading=\"lazy\" \/>\t\t\t\t\t\t\t\t<\/a>\n\t\t\t\t\t\t\t\t\t\t\t\t\t\t\t<\/div>\n\t\t\t\t<\/div>\n\t\t\t\t\t<\/div>\n\t\t\t\t<\/div>\n\t\t<div class=\"elementor-element elementor-element-2b6d0cc e-flex e-con-boxed e-con e-parent\" data-id=\"2b6d0cc\" data-element_type=\"container\">\n\t\t\t\t\t<div class=\"e-con-inner\">\n\t\t<div class=\"elementor-element elementor-element-bb9cb5b e-con-full e-flex e-con e-child\" data-id=\"bb9cb5b\" data-element_type=\"container\">\n\t\t\t\t<div class=\"elementor-element elementor-element-c03975e elementor-widget elementor-widget-text-editor\" data-id=\"c03975e\" data-element_type=\"widget\" data-widget_type=\"text-editor.default\">\n\t\t\t\t\t\t\t\t\t<h4><strong>1\u00aa Confer\u00eancias Internacional em Psicologia<\/strong><br \/><strong>Psicologia Cl\u00ednica e da Sa\u00fade em tempos de adversidade\u00a0e mudan\u00e7a<\/strong><\/h4>\t\t\t\t\t\t\t\t<\/div>\n\t\t\t\t<\/div>\n\t\t<div class=\"elementor-element elementor-element-a475d86 e-con-full e-flex e-con e-child\" data-id=\"a475d86\" data-element_type=\"container\">\n\t\t\t\t<div class=\"elementor-element elementor-element-2487a29 elementor-widget elementor-widget-button\" data-id=\"2487a29\" data-element_type=\"widget\" data-widget_type=\"button.default\">\n\t\t\t\t\t\t\t\t\t\t<a class=\"elementor-button elementor-button-link elementor-size-sm\" href=\"https:\/\/ci-pcs.ubi.pt\/\" target=\"_blank\">\n\t\t\t\t\t\t<span class=\"elementor-button-content-wrapper\">\n\t\t\t\t\t\t\t\t\t<span class=\"elementor-button-text\">Clique aqui<\/span>\n\t\t\t\t\t<\/span>\n\t\t\t\t\t<\/a>\n\t\t\t\t\t\t\t\t<\/div>\n\t\t\t\t<\/div>\n\t\t\t\t\t<\/div>\n\t\t\t\t<\/div>\n\t\t<div class=\"elementor-element elementor-element-122fc2d e-flex e-con-boxed e-con e-parent\" data-id=\"122fc2d\" data-element_type=\"container\">\n\t\t\t\t\t<div class=\"e-con-inner\">\n\t\t<div class=\"elementor-element elementor-element-0338bfe e-con-full e-flex e-con e-child\" data-id=\"0338bfe\" data-element_type=\"container\">\n\t\t\t\t<div class=\"elementor-element elementor-element-61ef73f elementor-widget elementor-widget-text-editor\" data-id=\"61ef73f\" data-element_type=\"widget\" data-widget_type=\"text-editor.default\">\n\t\t\t\t\t\t\t\t\t<h4><strong>2\u00aa Confer\u00eancias Internacional em Psicologia<br \/>A import\u00e2ncia da Psicologia Cl\u00ednica e da Sa\u00fade no mundo atual: Desafios e Contributos<\/strong><\/h4>\t\t\t\t\t\t\t\t<\/div>\n\t\t\t\t<\/div>\n\t\t<div class=\"elementor-element elementor-element-fc8447d e-con-full e-flex e-con e-child\" data-id=\"fc8447d\" data-element_type=\"container\">\n\t\t\t\t<div class=\"elementor-element elementor-element-780df98 elementor-widget elementor-widget-button\" data-id=\"780df98\" data-element_type=\"widget\" data-widget_type=\"button.default\">\n\t\t\t\t\t\t\t\t\t\t<a class=\"elementor-button elementor-button-link elementor-size-sm\" href=\"https:\/\/2ci-pcs.ubi.pt\/\" target=\"_blank\">\n\t\t\t\t\t\t<span class=\"elementor-button-content-wrapper\">\n\t\t\t\t\t\t\t\t\t<span class=\"elementor-button-text\">Clique aqui<\/span>\n\t\t\t\t\t<\/span>\n\t\t\t\t\t<\/a>\n\t\t\t\t\t\t\t\t<\/div>\n\t\t\t\t<\/div>\n\t\t\t\t\t<\/div>\n\t\t\t\t<\/div>\n\t\t<div class=\"elementor-element elementor-element-e9b25ad e-flex e-con-boxed e-con e-parent\" data-id=\"e9b25ad\" data-element_type=\"container\">\n\t\t\t\t\t<div class=\"e-con-inner\">\n\t\t<div class=\"elementor-element elementor-element-fc300be e-con-full e-flex e-con e-child\" data-id=\"fc300be\" data-element_type=\"container\">\n\t\t\t\t<div class=\"elementor-element elementor-element-17405aa elementor-widget elementor-widget-text-editor\" data-id=\"17405aa\" data-element_type=\"widget\" data-widget_type=\"text-editor.default\">\n\t\t\t\t\t\t\t\t\t<h4><strong>3\u00aa Confer\u00eancias Internacional em Psicologia<br \/>Sa\u00fade Mental e Sa\u00fade Global: Respostas e Compromissos da Psicologia Cl\u00ednica e da Sa\u00fade<\/strong><\/h4>\t\t\t\t\t\t\t\t<\/div>\n\t\t\t\t<\/div>\n\t\t<div class=\"elementor-element elementor-element-f234a3c e-con-full e-flex e-con e-child\" data-id=\"f234a3c\" data-element_type=\"container\">\n\t\t\t\t<div class=\"elementor-element elementor-element-6762b0b elementor-widget elementor-widget-button\" data-id=\"6762b0b\" data-element_type=\"widget\" data-widget_type=\"button.default\">\n\t\t\t\t\t\t\t\t\t\t<a class=\"elementor-button elementor-button-link elementor-size-sm\" href=\"https:\/\/3ci-pcs.ubi.pt\/\" target=\"_blank\">\n\t\t\t\t\t\t<span class=\"elementor-button-content-wrapper\">\n\t\t\t\t\t\t\t\t\t<span class=\"elementor-button-text\">Clique aqui<\/span>\n\t\t\t\t\t<\/span>\n\t\t\t\t\t<\/a>\n\t\t\t\t\t\t\t\t<\/div>\n\t\t\t\t<\/div>\n\t\t\t\t\t<\/div>\n\t\t\t\t<\/div>\n\t\t<div class=\"elementor-element elementor-element-188f2be e-flex e-con-boxed e-con e-parent\" data-id=\"188f2be\" data-element_type=\"container\">\n\t\t\t\t\t<div class=\"e-con-inner\">\n\t\t<div class=\"elementor-element elementor-element-0364374 e-con-full e-flex e-con e-child\" data-id=\"0364374\" data-element_type=\"container\">\n\t\t\t\t<div class=\"elementor-element elementor-element-a45bf6f elementor-widget elementor-widget-text-editor\" data-id=\"a45bf6f\" data-element_type=\"widget\" data-widget_type=\"text-editor.default\">\n\t\t\t\t\t\t\t\t\t<h4><strong>4\u00aa <\/strong><strong>Confer\u00eancias Internacional em Psicologia<br \/>Sa\u00fade Mental e Mudan\u00e7as: Oportunidades e Desafios para a Psicologia Cl\u00ednica e da Sa\u00fade<\/strong><\/h4>\t\t\t\t\t\t\t\t<\/div>\n\t\t\t\t<\/div>\n\t\t<div class=\"elementor-element elementor-element-8ea87b2 e-con-full e-flex e-con e-child\" data-id=\"8ea87b2\" data-element_type=\"container\">\n\t\t\t\t<div class=\"elementor-element elementor-element-1de2a8d elementor-widget elementor-widget-button\" data-id=\"1de2a8d\" data-element_type=\"widget\" data-widget_type=\"button.default\">\n\t\t\t\t\t\t\t\t\t\t<a class=\"elementor-button elementor-button-link elementor-size-sm\" href=\"https:\/\/4ci-pcs.ubi.pt\/\">\n\t\t\t\t\t\t<span class=\"elementor-button-content-wrapper\">\n\t\t\t\t\t\t\t\t\t<span class=\"elementor-button-text\">Clique aqui<\/span>\n\t\t\t\t\t<\/span>\n\t\t\t\t\t<\/a>\n\t\t\t\t\t\t\t\t<\/div>\n\t\t\t\t<\/div>\n\t\t\t\t\t<\/div>\n\t\t\t\t<\/div>\n\t\t<div class=\"elementor-element elementor-element-0518701 e-flex e-con-boxed e-con e-parent\" data-id=\"0518701\" data-element_type=\"container\">\n\t\t\t\t\t<div class=\"e-con-inner\">\n\t\t\t\t<div class=\"elementor-element elementor-element-ad41617 elementor-widget elementor-widget-heading\" data-id=\"ad41617\" data-element_type=\"widget\" data-widget_type=\"heading.default\">\n\t\t\t\t\t<h2 class=\"elementor-heading-title elementor-size-default\">MENSAGEM DE BOAS-VINDAS<\/h2>\t\t\t\t<\/div>\n\t\t\t\t\t<\/div>\n\t\t\t\t<\/div>\n\t\t<div class=\"elementor-element elementor-element-f9dab38 e-flex e-con-boxed e-con e-parent\" data-id=\"f9dab38\" data-element_type=\"container\">\n\t\t\t\t\t<div class=\"e-con-inner\">\n\t\t\t\t<div class=\"elementor-element elementor-element-a4bddf1 elementor-widget elementor-widget-text-editor\" data-id=\"a4bddf1\" data-element_type=\"widget\" data-widget_type=\"text-editor.default\">\n\t\t\t\t\t\t\t\t\t<h4><strong>\u00c9 com redobrada satisfa\u00e7\u00e3o que vimos anunciar a 5\u00aa edi\u00e7\u00e3o das Confer\u00eancias Internacionais em Psicologia Cl\u00ednica e da Sa\u00fade da Universidade da Beira Interior. Estas Confer\u00eancias, inscritas nas atividades do 3\u00ba Ciclo em Psicologia Cl\u00ednica e da Sa\u00fade do Departamento de Psicologia e Educa\u00e7\u00e3o, contam com a colabora\u00e7\u00e3o da Faculdade de Ci\u00eancias Sociais e Humanas, em cujas instala\u00e7\u00f5es ir\u00e3o decorrer nos dias 20 e 21 de maio de 2026.<\/strong><\/h4><h4><strong>Subordinadas desta vez ao tema Sa\u00fade Mental, Mudan\u00e7as Sociais e Ambientais, Inova\u00e7\u00e3o e Tecnologia em Psicologia Cl\u00ednica e da Sa\u00fade pretende-se, com as mesmas, criar um espa\u00e7o de reflex\u00e3o acerca de uma realidade marcada por novas exig\u00eancias adaptativas e seu impacto na sa\u00fade mental.<\/strong><\/h4><h4><strong>Numa perspetiva de maximiza\u00e7\u00e3o dos recursos adaptativos individuais e coletivos na resposta \u00e0s novas exig\u00eancias, procura-se discutir os contributos da Psicologia Cl\u00ednica e da Sa\u00fade para essa maximiza\u00e7\u00e3o, contribuindo para o aperfei\u00e7oamento de respostas conhecidas e consolida\u00e7\u00e3o de novas respostas.<\/strong><\/h4><h4><strong>Teremos connosco conferencistas convidados de elevado m\u00e9rito e reconhecimento internacional que nos ajudar\u00e3o a criar o desejado espa\u00e7o de reflex\u00e3o e partilha. Para al\u00e9m destes teremos connosco todos e todas que desejem partilhar as suas reflex\u00f5es e os resultados das suas investiga\u00e7\u00f5es atrav\u00e9s de simp\u00f3sios, comunica\u00e7\u00f5es livres ou posters.<\/strong><\/h4><h4><strong>Estou certo de que as 5<sup>as<\/sup> Confer\u00eancias Internacionais em Psicologia Cl\u00ednica e da Sa\u00fade, \u00e0 semelhan\u00e7a das edi\u00e7\u00f5es anteriores, vos proporcionar\u00e3o uma experi\u00eancia memor\u00e1vel de reflex\u00e3o, partilha e agrad\u00e1vel conv\u00edvio.<\/strong><\/h4><p>\u00a0<\/p><h5><strong>O Coordenador da Comiss\u00e3o Cient\u00edfica<br \/><\/strong><strong><em>Manuel Loureiro<\/em><\/strong><\/h5><p>\u00a0<\/p>\t\t\t\t\t\t\t\t<\/div>\n\t\t\t\t\t<\/div>\n\t\t\t\t<\/div>\n\t\t\t\t<\/div>\n\t\t","protected":false},"excerpt":{"rendered":"<p>L\u00edngua oficial: Portugu\u00eas 1\u00aa Confer\u00eancias Internacional em PsicologiaPsicologia Cl\u00ednica e da Sa\u00fade em tempos de adversidade\u00a0e mudan\u00e7a Clique aqui 2\u00aa Confer\u00eancias Internacional em PsicologiaA import\u00e2ncia da Psicologia Cl\u00ednica e da Sa\u00fade no mundo atual: Desafios e Contributos Clique aqui 3\u00aa Confer\u00eancias Internacional em PsicologiaSa\u00fade Mental e Sa\u00fade Global: Respostas e Compromissos da Psicologia Cl\u00ednica e&#8230;<\/p>\n<p class=\"more-link\"><a href=\"https:\/\/5ci-pcs.ubi.pt\/\"><span>Read More<\/span><i>&#43;<\/i><\/a><\/p>\n","protected":false},"author":1,"featured_media":0,"parent":0,"menu_order":0,"comment_status":"closed","ping_status":"closed","template":"","meta":{"footnotes":""},"class_list":["post-48","page","type-page","status-publish","hentry"],"_links":{"self":[{"href":"https:\/\/5ci-pcs.ubi.pt\/index.php\/wp-json\/wp\/v2\/pages\/48","targetHints":{"allow":["GET"]}}],"collection":[{"href":"https:\/\/5ci-pcs.ubi.pt\/index.php\/wp-json\/wp\/v2\/pages"}],"about":[{"href":"https:\/\/5ci-pcs.ubi.pt\/index.php\/wp-json\/wp\/v2\/types\/page"}],"author":[{"embeddable":true,"href":"https:\/\/5ci-pcs.ubi.pt\/index.php\/wp-json\/wp\/v2\/users\/1"}],"replies":[{"embeddable":true,"href":"https:\/\/5ci-pcs.ubi.pt\/index.php\/wp-json\/wp\/v2\/comments?post=48"}],"version-history":[{"count":29,"href":"https:\/\/5ci-pcs.ubi.pt\/index.php\/wp-json\/wp\/v2\/pages\/48\/revisions"}],"predecessor-version":[{"id":177,"href":"https:\/\/5ci-pcs.ubi.pt\/index.php\/wp-json\/wp\/v2\/pages\/48\/revisions\/177"}],"wp:attachment":[{"href":"https:\/\/5ci-pcs.ubi.pt\/index.php\/wp-json\/wp\/v2\/media?parent=48"}],"curies":[{"name":"wp","href":"https:\/\/api.w.org\/{rel}","templated":true}]}}